{"id":488,"date":"2021-10-30T10:53:54","date_gmt":"2021-10-30T10:53:54","guid":{"rendered":"https:\/\/goeldiraumentwicklung.ch\/?page_id=488"},"modified":"2022-02-15T13:48:28","modified_gmt":"2022-02-15T13:48:28","slug":"referenzen-bauten-3","status":"publish","type":"page","link":"https:\/\/goeldiraumentwicklung.ch\/?page_id=488","title":{"rendered":"Referenzen &#8211; Bauten 3"},"content":{"rendered":"\t\t<div data-elementor-type=\"wp-page\" data-elementor-id=\"488\" class=\"elementor elementor-488\" data-elementor-post-type=\"page\">\n\t\t\t\t\t\t<section class=\"elementor-section elementor-top-section elementor-element elementor-element-8cc13e4 elementor-section-boxed elementor-section-height-default elementor-section-height-default\" data-id=\"8cc13e4\" data-element_type=\"section\" data-e-type=\"section\">\n\t\t\t\t\t\t<div class=\"elementor-container elementor-column-gap-default\">\n\t\t\t\t\t<div class=\"elementor-column elementor-col-100 elementor-top-column elementor-element elementor-element-bd90fc2\" data-id=\"bd90fc2\" data-element_type=\"column\" data-e-type=\"column\">\n\t\t\t<div class=\"elementor-widget-wrap elementor-element-populated\">\n\t\t\t\t\t\t<div class=\"elementor-element elementor-element-72bed13 elementor-widget elementor-widget-spacer\" data-id=\"72bed13\" data-element_type=\"widget\" data-e-type=\"widget\" data-widget_type=\"spacer.default\">\n\t\t\t\t<div class=\"elementor-widget-container\">\n\t\t\t\t\t\t\t<div class=\"elementor-spacer\">\n\t\t\t<div class=\"elementor-spacer-inner\"><\/div>\n\t\t<\/div>\n\t\t\t\t\t\t<\/div>\n\t\t\t\t<\/div>\n\t\t\t\t\t<\/div>\n\t\t<\/div>\n\t\t\t\t\t<\/div>\n\t\t<\/section>\n\t\t\t\t<section class=\"elementor-section elementor-top-section elementor-element elementor-element-caaa304 elementor-section-boxed elementor-section-height-default elementor-section-height-default\" data-id=\"caaa304\" data-element_type=\"section\" data-e-type=\"section\">\n\t\t\t\t\t\t<div class=\"elementor-container elementor-column-gap-default\">\n\t\t\t\t\t<div class=\"elementor-column elementor-col-33 elementor-top-column elementor-element elementor-element-fd1a05b\" data-id=\"fd1a05b\" data-element_type=\"column\" data-e-type=\"column\">\n\t\t\t<div class=\"elementor-widget-wrap\">\n\t\t\t\t\t\t\t<\/div>\n\t\t<\/div>\n\t\t\t\t<div class=\"elementor-column elementor-col-33 elementor-top-column elementor-element elementor-element-e3fce02\" data-id=\"e3fce02\" data-element_type=\"column\" data-e-type=\"column\">\n\t\t\t<div class=\"elementor-widget-wrap elementor-element-populated\">\n\t\t\t\t\t\t<div class=\"elementor-element elementor-element-cb86279 elementor-widget elementor-widget-image\" data-id=\"cb86279\" data-element_type=\"widget\" data-e-type=\"widget\" data-widget_type=\"image.default\">\n\t\t\t\t<div class=\"elementor-widget-container\">\n\t\t\t\t\t\t\t\t\t\t\t\t\t\t\t\t<a href=\"https:\/\/goeldiraumentwicklung.ch\">\n\t\t\t\t\t\t\t<img fetchpriority=\"high\" decoding=\"async\" width=\"525\" height=\"106\" src=\"https:\/\/goeldiraumentwicklung.ch\/wp-content\/uploads\/2021\/10\/Logo-transparent-breit-1024x206.png\" class=\"attachment-large size-large wp-image-177\" alt=\"\" srcset=\"https:\/\/goeldiraumentwicklung.ch\/wp-content\/uploads\/2021\/10\/Logo-transparent-breit-1024x206.png 1024w, https:\/\/goeldiraumentwicklung.ch\/wp-content\/uploads\/2021\/10\/Logo-transparent-breit-300x60.png 300w, https:\/\/goeldiraumentwicklung.ch\/wp-content\/uploads\/2021\/10\/Logo-transparent-breit-768x154.png 768w, https:\/\/goeldiraumentwicklung.ch\/wp-content\/uploads\/2021\/10\/Logo-transparent-breit-1536x308.png 1536w, https:\/\/goeldiraumentwicklung.ch\/wp-content\/uploads\/2021\/10\/Logo-transparent-breit-2048x411.png 2048w, https:\/\/goeldiraumentwicklung.ch\/wp-content\/uploads\/2021\/10\/Logo-transparent-breit-1568x315.png 1568w\" sizes=\"100vw\" \/>\t\t\t\t\t\t\t\t<\/a>\n\t\t\t\t\t\t\t\t\t\t\t\t\t\t\t<\/div>\n\t\t\t\t<\/div>\n\t\t\t\t\t<\/div>\n\t\t<\/div>\n\t\t\t\t<div class=\"elementor-column elementor-col-33 elementor-top-column elementor-element elementor-element-14a5205\" data-id=\"14a5205\" data-element_type=\"column\" data-e-type=\"column\">\n\t\t\t<div class=\"elementor-widget-wrap\">\n\t\t\t\t\t\t\t<\/div>\n\t\t<\/div>\n\t\t\t\t\t<\/div>\n\t\t<\/section>\n\t\t\t\t<section class=\"elementor-section elementor-top-section elementor-element elementor-element-7c41eeb elementor-section-boxed elementor-section-height-default elementor-section-height-default\" data-id=\"7c41eeb\" data-element_type=\"section\" data-e-type=\"section\">\n\t\t\t\t\t\t<div class=\"elementor-container elementor-column-gap-default\">\n\t\t\t\t\t<div class=\"elementor-column elementor-col-33 elementor-top-column elementor-element elementor-element-63099fe\" data-id=\"63099fe\" data-element_type=\"column\" data-e-type=\"column\">\n\t\t\t<div class=\"elementor-widget-wrap\">\n\t\t\t\t\t\t\t<\/div>\n\t\t<\/div>\n\t\t\t\t<div class=\"elementor-column elementor-col-33 elementor-top-column elementor-element elementor-element-1e2f216\" data-id=\"1e2f216\" data-element_type=\"column\" data-e-type=\"column\">\n\t\t\t<div class=\"elementor-widget-wrap elementor-element-populated\">\n\t\t\t\t\t\t<div class=\"elementor-element elementor-element-c64074e elementor-widget elementor-widget-image\" data-id=\"c64074e\" data-element_type=\"widget\" data-e-type=\"widget\" data-widget_type=\"image.default\">\n\t\t\t\t<div class=\"elementor-widget-container\">\n\t\t\t\t\t\t\t\t\t\t\t\t\t\t\t<img decoding=\"async\" width=\"525\" height=\"412\" src=\"https:\/\/goeldiraumentwicklung.ch\/wp-content\/uploads\/2021\/11\/Referenzen_Bauten-3-Chur-Postgarage-2003-04.jpg\" class=\"attachment-large size-large wp-image-665\" alt=\"\" srcset=\"https:\/\/goeldiraumentwicklung.ch\/wp-content\/uploads\/2021\/11\/Referenzen_Bauten-3-Chur-Postgarage-2003-04.jpg 1024w, https:\/\/goeldiraumentwicklung.ch\/wp-content\/uploads\/2021\/11\/Referenzen_Bauten-3-Chur-Postgarage-2003-04-300x235.jpg 300w, https:\/\/goeldiraumentwicklung.ch\/wp-content\/uploads\/2021\/11\/Referenzen_Bauten-3-Chur-Postgarage-2003-04-768x602.jpg 768w\" sizes=\"100vw\" \/>\t\t\t\t\t\t\t\t\t\t\t\t\t\t\t<\/div>\n\t\t\t\t<\/div>\n\t\t\t\t<div class=\"elementor-element elementor-element-94e8dfc elementor-widget elementor-widget-heading\" data-id=\"94e8dfc\" data-element_type=\"widget\" data-e-type=\"widget\" data-widget_type=\"heading.default\">\n\t\t\t\t<div class=\"elementor-widget-container\">\n\t\t\t\t\t<h4 class=\"elementor-heading-title elementor-size-default\">\u00dcberbauung Postgarage Chur<\/h4>\t\t\t\t<\/div>\n\t\t\t\t<\/div>\n\t\t\t\t<div class=\"elementor-element elementor-element-dc0d328 elementor-widget elementor-widget-text-editor\" data-id=\"dc0d328\" data-element_type=\"widget\" data-e-type=\"widget\" data-widget_type=\"text-editor.default\">\n\t\t\t\t<div class=\"elementor-widget-container\">\n\t\t\t\t\t\t\t\t\t<div class=\"page\" title=\"Page 5\"><div class=\"layoutArea\"><div class=\"column\"><p>Gewerbe- und Wohngeb\u00e4ude, Verit Immobilien Chur<\/p><p>Realisierung 2003-04, Bohni G\u00f6ldi Koch AG Chur<\/p><p>&gt; Entwurf, Projektleitung<\/p><\/div><\/div><\/div>\t\t\t\t\t\t\t\t<\/div>\n\t\t\t\t<\/div>\n\t\t\t\t\t<\/div>\n\t\t<\/div>\n\t\t\t\t<div class=\"elementor-column elementor-col-33 elementor-top-column elementor-element elementor-element-a7b56ff\" data-id=\"a7b56ff\" data-element_type=\"column\" data-e-type=\"column\">\n\t\t\t<div class=\"elementor-widget-wrap\">\n\t\t\t\t\t\t\t<\/div>\n\t\t<\/div>\n\t\t\t\t\t<\/div>\n\t\t<\/section>\n\t\t\t\t<\/div>\n\t\t","protected":false},"excerpt":{"rendered":"<p>\u00dcberbauung Postgarage Chur Gewerbe- und Wohngeb\u00e4ude, Verit Immobilien Chur Realisierung 2003-04, Bohni G\u00f6ldi Koch AG Chur &gt; Entwurf, Projektleitung<\/p>\n","protected":false},"author":1,"featured_media":0,"parent":0,"menu_order":0,"comment_status":"closed","ping_status":"closed","template":"elementor_header_footer","meta":{"footnotes":""},"class_list":["post-488","page","type-page","status-publish","hentry"],"_links":{"self":[{"href":"https:\/\/goeldiraumentwicklung.ch\/index.php?rest_route=\/wp\/v2\/pages\/488","targetHints":{"allow":["GET"]}}],"collection":[{"href":"https:\/\/goeldiraumentwicklung.ch\/index.php?rest_route=\/wp\/v2\/pages"}],"about":[{"href":"https:\/\/goeldiraumentwicklung.ch\/index.php?rest_route=\/wp\/v2\/types\/page"}],"author":[{"embeddable":true,"href":"https:\/\/goeldiraumentwicklung.ch\/index.php?rest_route=\/wp\/v2\/users\/1"}],"replies":[{"embeddable":true,"href":"https:\/\/goeldiraumentwicklung.ch\/index.php?rest_route=%2Fwp%2Fv2%2Fcomments&post=488"}],"version-history":[{"count":16,"href":"https:\/\/goeldiraumentwicklung.ch\/index.php?rest_route=\/wp\/v2\/pages\/488\/revisions"}],"predecessor-version":[{"id":1000,"href":"https:\/\/goeldiraumentwicklung.ch\/index.php?rest_route=\/wp\/v2\/pages\/488\/revisions\/1000"}],"wp:attachment":[{"href":"https:\/\/goeldiraumentwicklung.ch\/index.php?rest_route=%2Fwp%2Fv2%2Fmedia&parent=488"}],"curies":[{"name":"wp","href":"https:\/\/api.w.org\/{rel}","templated":true}]}}